is the units digit of d?
6
Let g = -2 - 0. Let r be (-3 - g - 2) + 88. Suppose -4*h = 29 - r. What is the units digit of h?
4
Suppose -1017 = -5*p + 248. What is the hundreds digit of p?
2
Suppose 0 = -3*i - i. Suppose -y + 0 + 7 = i. What is the units digit of y?
7
Suppose -5*h = n - 21, 82 = -3*n + 8*n + 2*h. What is the units digit of n?
6
Suppose 0*c = 5*c. Let l = 26 - -2. Suppose 3*z - z - l = c. What is the units digit of z?
4
Let s(j) = 37*j**2 - 10 + 0*j**3 - 48*j**2 + 5*j + j**3. What is the units digit of s(11)?
5
Suppose 0*w = 5*w - 15. Suppose 3*b - 9 = w. What is the units digit of b?
4
Let q(d) = 3*d - 3. Let a be q(2). Suppose 2*y - y = 5*g, -a*g - 18 = 3*y. What is the units digit of (g - (-1 - 1)) + 6?
7
Suppose 5*p + m = 29, -4*m + 8*m + 4 = 0. Let d = 5 - p. What is the units digit of 14 - 0 - (3 + d)?
2
Let a be (-2)/(-2) + (4 - 7). What is the units digit of -3 - a/(6/27)?
6
Let d = 50 - 35. What is the tens digit of d?
1
Let k(b) = 3*b + 6. Let u be k(-5). Suppose -52 = -5*r + 48. Let d = u + r. What is the units digit of d?
1
Let c = -28 - -116. What is the tens digit of c?
8
Let f(i) = -i**3 + i**2 + 2. Let r be f(0). Suppose r*s + 5*w = -3, s - 2*w = -w + 9. What is the units digit of s?
6
Let l(u) = u - 1. Let t be l(6). Suppose -t = -b + 2. What is the units digit of b?
7
Let a(u) = -3*u + 21. Let y(b) = -2*b + 11. Let k(l) = 6*a(l) - 11*y(l). Let s be k(-4). Let r = -5 - s. What is the units digit of r?
6
Suppose -o + 5 = 1. Suppose -o*j + 3*j = -1. What is the units digit of j?
1
Suppose -744 = -10*n + 416. What is the tens digit of n?
1
Suppose -5*s + p = -3*p - 22, 3*s - 21 = 5*p. Suppose -s*d - 2 + 22 = l, 5*l - 30 = 4*d. What is the units digit of l?
0
What is the tens digit of -3 - 60/(1 - 2)?
5
Suppose 0 = -y - 4 - 5. What is the units digit of (-121)/(-99) + 2/y?
1
Let q(m) = m**3 - 5*m**2 - 7*m + 8. Let v be q(6). Let s(y) = 5*y**v + 0*y**3 + 1 + 7*y - 2*y**3 + y**3. What is the units digit of s(6)?
7
Suppose 12*g - 12 = 9*g. Suppose g*a = -r + 94, -2*a + a = -4*r - 15. What is the tens digit of a?
2
Let x = 123 + -64. What is the units digit of x?
9
Let f be 292/(-20) + 3/5. What is the tens digit of (f + 0)/2*-4?
2
Let c be -4 + 1 + 1 + 7. Suppose 0 = c*p + 3*n - 8, -2*n = 5*p + 1 - 8. What is the units digit of p?
1
Let c = -2 + 4. Let g be 20/(c*(-3)/6). What is the units digit of (-12)/10*g/6?
4
Let s(n) be the second derivative of n**5/20 + 5*n**4/12 + n**3/3 - 2*n**2 + n. What is the units digit of s(-3)?
8
What is the hundreds digit of ((-3)/(-6)*-3)/((-15)/1480)?
1
Let d = 14 + -9. Let b be 10*(24/10)/6. Suppose 0 = -b*m - 5*i + 45, d = -0*m + 3*m - 2*i. What is the units digit of m?
5
Let u(r) = 132*r. What is the hundreds digit of u(1)?
1
Let a = 11 + 16. What is the tens digit of a?
2
Suppose 12 = 4*a - 4. Suppose -a*d - 16 = -72. What is the units digit of d?
4
Let i(v) = v**2 - 5*v - 2. Let f = -9 + 17. Let r be i(f). Suppose 4*x + 2*z = r, x - 2*z = 3*z + 11. What is the units digit of x?
6
Suppose 5*v = -5*h - 35, 2*h = -4*v - 28 - 8. Let u = -7 - v. What is the units digit of u?
4
Let b(q) be the first derivative of 4*q**3/3 + q**2 + 2*q + 2. What is the units digit of b(-2)?
4
Let n(c) = c**2 + 4*c - 10. What is the tens digit of n(-7)?
1
Suppose 7*n - 30 = 5*n. What is the units digit of n?
5
Let z = 18 - 4. What is the tens digit of z?
1
Let i(t) = t**2 - t - 2. Let k = 6 + -8. Let r be i(k). What is the units digit of 9/(-2)*r/(-3)?
6
What is the units digit of -2 + (0 - 0) - 1398/(-6)?
1
Let g(z) be the second derivative of -z**4/12 + z**3/3 + 14*z**2 - 5*z. What is the tens digit of g(0)?
2
Let d = 25 - 12. What is the units digit of d?
3
Suppose 644 = 6*i - 2*i. What is the hundreds digit of i?
1
Let t = 15 - 9. Let p = t + -5. What is the units digit of p?
1
Let j be ((-3)/(-6))/((-1)/(-16)). Let z = -5 + j. Let d = z + -1. What is the units digit of d?
2
Suppose -2*b = -5*b + t + 17, 0 = 4*b - 3*t - 21. Suppose b*r - r - 3 = i, -2*i = -3*r - 1. What is the units digit of 15 - (3 - 0/i)?
2
Let o(r) be the third derivative of 31*r**4/24 - r**3/2 + 4*r**2. Let s be o(3). Suppose 3*f = 8*f - s. What is the tens digit of f?
1
Suppose -w + 5*w = 4*i - 36, -5*i + w + 25 = 0. Let k be (6/6)/((-2)/i). Let l = 8 - k. What is the units digit of l?
0
Let m(n) = n + 1. Let z be m(2). Suppose 0 = 4*v - z*v - 21. What is the units digit of v?
1
What is the units digit of 0 - -4 - (3 - 1)?
2
Suppose 5*r - l + 2*l - 1 = 0, -2*l + 2 = r. Suppose 4*a - 15 - 17 = r. What is the units digit of a?
8
Let t = 3 - 0. Suppose 31 = -4*d + t. Let p = d - -17. What is the tens digit of p?
1
Suppose -i = 2*i. Suppose i = 3*o + 12, 3*q - 3*o - 4 = 7*q. What is the units digit of q?
2
Let a(c) = 17*c - 1. What is the units digit of a(3)?
0
Let k = 7 - 2. Suppose -2*a = -0*c + k*c - 29, 4*a - 70 = 2*c. What is the units digit of a?
7
What is the units digit of (0 - -2) + -2 + (-1)/(-1)?
1
Suppose -3*b = 2*z - 7 + 3, 0 = 3*z + 5*b - 4. Suppose 3*g = z*g - 25. What is the units digit of g?
5
Let h = -3 + 5. Suppose 2 = -3*o + 4*p, 0 = 2*o + h*p - p - 6. What is the units digit of o?
2
Let z(a) = 2*a + 4*a - 3 + 0. What is the units digit of z(2)?
9
Let k be 25/(-6) + 4 - (-86)/12. Let h be (8/(-6))/(1/(-6)). Suppose -l = 5*f - k - h, 5*l + 5*f = 35. What is the units digit of l?
5
Let d be (-6)/3 - (-12 + 4). Suppose -n + d*n = 25. Suppose -14 = b - n*b + 5*i, 0 = 4*b + 5*i + 6. What is the units digit of b?
1
Let b be 1 - (3 + 0 + -9). Let k(z) = z**2 - 4*z - 3. What is the units digit of k(b)?
8
Let i(a) = -4*a + 1. Let w be i(-1). Suppose -w*b - 40 = -2*p, -3 = 3*b + 3. What is the tens digit of p?
1
Suppose 3*k = 213 - 27. What is the units digit of k?
2
Let f be 1/(2/6*1). What is the units digit of (-2)/f + (-26)/(-3)?
8
Suppose 2*n = 3*n - 8. Suppose -2*f + n = 20. What is the units digit of (8/f)/((-2)/9)?
6
Suppose -2*c + a = -6*c + 11, -5*c - 3*a + 5 = 0. What is the units digit of ((-2)/c)/((-3)/102)?
7
Let d = -5 - -11. Suppose 0 = f + 2*f - d. What is the units digit of (1 - f)/(1/(-7))?
7
Let g = -94 + 145. Suppose 3*b - 5*a = 22 + g, -11 = -b - 5*a. What is the units digit of b?
1
Let o(k) be the second derivative of -k**5/20 + 2*k**4/3 - 5*k**3/6 + k**2 + 2*k. What is the tens digit of o(6)?
4
Suppose -2*c = -5*c - 18. What is the tens digit of (-22)/(-3*(-4)/c)?
1
Suppose -5*w = -3*s - 411, 5*w - s = -2*s + 403. What is the units digit of w?
1
Suppose 4*g + 15 = -3*v - 84, 2*v = 4*g + 94. What is the units digit of (7/(-3))/(4/g)?
4
What is the units digit of 8/(-20) + (-156)/(-15)?
0
Suppose 5*g = -0*g - 90. Let o = 32 + g. What is the units digit of o?
4
Suppose -n - 4 = -2*p - 8, -3*n - 6 = 0. Let d = p + 1. Let z = 5 + d. What is the units digit of z?
3
Let i = 53 - -6. Let q = -41 + i. What is the tens digit of q?
1
Suppose 4*v - 21 = 3*v. What is the units digit of v?
1
Suppose -2*y = -y. Suppose -5*t + 4*s - 36 = 189, y = -2*t - 4*s - 90. What is the units digit of (-2)/(-8) + t/(-12)?
4
Let l(y) = 5*y - 13. What is the units digit of l(6)?
7
What is the tens digit of (-2)/(-3)*(-414)/(-12)?
2
Let b be 6/9*(-6)/4. Let x be 1 - (3 - 0)*b. What is the units digit of (x/(-8))/((-2)/24)?
6
Let p = 158 + -17. What is the hundreds digit of p?
1
Suppose -3*c + 4*j = 3*j - 13, -4*j = 3*c - 38. What is the units digit of 64/c + (-4)/6?
0
Suppose 0 = -q - 3*q + 5*x + 36, 5*x - 36 = -4*q. What is the units digit of (-28)/(-3) + (-3)/q?
9
Let s(w) = 6*w**2 - 3*w - 12. What is the tens digit of s(-5)?
5
Let y be 6/9 - (-114)/(-9). What is the units digit of 20/6*y/(-8)?
5
Let y = -6 - -9. Suppose -2*j + y = -5*j. Let v = j - -6. What is the units digit of v?
5
Suppose -2 = s + 2. What is the tens digit of (-66)/s - (-3)/6?
1
Let d = 27 - 23. Let j = 0 - -10. Suppose d*p = i + 69, 3*p - i - 43 = j. What is the units digit of p?
6
Suppose -4*o - 6 = -o. Let g = o - -11. Let f = 18 - g. What is the units digit of f?
9
Let a be 40/25*(-10)/(-4). Suppose -i - i = a*w - 48, -4*i - 47 = -3*w. What is the tens digit of w?
1
Suppose -p - 4*p + 65 = 0. Suppose -u + 3*c = -p, -c + 23 = 2*u - 10. Suppose 5 = 3*q - u. What is the units digit of q?
7
Suppose 3*w - 2*o + 10 = -4*o, o - 4 = 0. What is the units dig